what is 530f + 140?
544f
In base 5, what is 211 + 1231124140?
1231124401
In base 7, what is 3414 + -1032125?
-1025411
In base 10, what is 125 - -2796371?
2796496
In base 9, what is 208148 - 261?
207777
In base 5, what is -40041 - -102143?
12102
In base 7, what is 1264 - -666366?
1000663
In base 9, what is 51 - -735581?
735642
In base 2, what is -10110010000100000001111 + -10?
-10110010000100000010001
In base 13, what is 8 + 85817?
85822
In base 5, what is 301313134 - 0?
301313134
In base 7, what is -1 - 5245320333?
-5245320334
In base 3, what is 11222122021001 + 100?
11222122021101
In base 13, what is 37 + -13391b?
-1338b4
In base 12, what is -149832a06 + -1?
-149832a07
In base 11, what is -4 - -4753324?
4753320
In base 5, what is -1 + -1343000104030?
-1343000104031
In base 2, what is 10 - -101101101111011110?
101101101111100000
In base 7, what is 0 - -611335120?
611335120
In base 6, what is 1 - -23050521?
23050522
In base 16, what is a + -3cfe4bb?
-3cfe4b1
In base 16, what is -4 + 5cf181?
5cf17d
In base 16, what is -4729d9 + 15?
-4729c4
In base 11, what is -5 + -18450426?
-18450430
In base 2, what is -11 - -11011111110100101000110000?
11011111110100101000101101
In base 3, what is -2200120200 - 1202020?
-2202022220
In base 8, what is 51177 - 17?
51160
In base 3, what is -2201200000 - -2200?
-2201120100
In base 8, what is 2 - -4007702?
4007704
In base 2, what is -11001110010110111010 - -10110100110?
-11001110000000010100
In base 7, what is -55 - -53551261?
53551203
In base 10, what is -131886859 + -7?
-131886866
In base 8, what is -2347 - 544?
-3113
In base 3, what is 100 - -11102211121211?
11102211122011
In base 16, what is -1 + 7de89?
7de88
In base 11, what is -5a853a - -52?
-5a8498
In base 13, what is -281 + -11a2?
-1453
In base 14, what is 5 - -894935?
89493a
In base 5, what is -103 + 41320211?
41320103
In base 5, what is -414400324 + 13?
-414400311
In base 8, what is 3727 + 455?
4404
In base 9, what is -3 + -404617857?
-404617861
In base 7, what is 402 - 14032054?
-14031352
In base 4, what is 1122022212 + -121?
1122022031
In base 16, what is 7 + 2d843?
2d84a
In base 9, what is -4658713 - -184?
-4658518
In base 6, what is 1012342 + 42?
1012424
In base 13, what is -31c371 - -2?
-31c36c
In base 15, what is 1 + a4824bc?
a4824bd
In base 10, what is -44884 - -15089?
-29795
In base 9, what is 183477717 + -1?
183477716
In base 5, what is -10 - -3022114143?
3022114133
In base 10, what is -4764386 + 16?
-4764370
In base 14, what is 34a63 - 160?
34903
In base 10, what is -2484 + -119723?
-122207
In base 8, what is 3465670761 + -4?
3465670755
In base 10, what is 10887470 - 27?
10887443
In base 3, what is 2012201121 + -1020001?
2011111120
In base 7, what is -4 + 1451214022?
1451214015
In base 10, what is -20386886 + 3?
-20386883
In base 7, what is 10 - -116630536?
116630546
In base 14, what is -b7323 + c1?
-b7242
In base 3, what is 20110 + 1110001211?
1110022021
In base 3, what is -201022200111 + -102?
-201022200220
In base 4, what is -331 - -310300?
303303
In base 9, what is -3007 + 30070?
26062
In base 16, what is -7 + -1bf353?
-1bf35a
In base 9, what is 485824 - 7?
485816
In base 16, what is 7d6 + bf2?
13c8
In base 4, what is 13333232323 + 1?
13333232330
In base 5, what is -4312242301034 - 0?
-4312242301034
In base 6, what is 331221 + -1121?
330100
In base 9, what is 40880 + 20480?
61470
In base 8, what is 560634 - -73?
560727
In base 15, what is 46 - -38262e?
382675
In base 7, what is 51203 - 1150?
50023
In base 10, what is 5429 + 45235?
50664
In base 7, what is 1 - 32033544?
-32033543
In base 12, what is 234 + 2588?
2800
In base 8, what is -11 - 61273635?
-61273646
In base 16, what is 10ad59a - 8?
10ad592
In base 11, what is -14 - -4504a7a?
4504a66
In base 14, what is -c86d22 + 5?
-c86d1b
In base 9, what is -4 - 2376048?
-2376053
In base 5, what is -1302102 + -100?
-1302202
In base 3, what is 102 + 1000100220201?
1000100221010
In base 13, what is -9187849 - -2?
-9187847
In base 12, what is 50a - -9775?
a083
In base 15, what is -2 - debd5?
-debd7
In base 5, what is -10 + -10143313111?
-10143313121
In base 16, what is 496b53 + 2?
496b55
In base 14, what is 3c + 15d?
19b
In base 11, what is 1707090a - -4?
17070913
In base 16, what is 665 - -15f0?
1c55
In base 12, what is -531a6a + -9?
-531a77
In base 2, what is 110110110 + 10000110010000000010?
10000110010110111000
In base 8, what is 3 + 3015713?
3015716
In base 3, what is 112002011 + -212100101?
-100021020
In base 16, what is -2743a + -13e?
-27578
In base 13, what is -2205c3b2 + 4?
-2205c3ab
In base 5, what is -22 + 2200404402?
2200404330
In base 9, what is 20417230 + 3?
20417233
In base 3, what is -11 + -212001102112020?
-212001102112101
In base 14, what is -9 - -62c44?
62c39
In base 4, what is -32111 - 100101313?
-100200030
In base 8, what is 3 + 13723767?
13723772
In base 3, what is 2110002212100001 - 1?
2110002212100000
In base 6, what is 3221 - -5433?
13054
In base 16, what is -b677e - 1?
-b677f
In base 10, what is -1763153 - -127?
-1763026
In base 10, what is -1 - -2850068?
2850067
In base 8, what is -1 + -10005637?
-10005640
In base 4, what is -20 - -1232101102?
1232101022
In base 8, what is 335 + 72152?
72507
In base 9, what is 4 - 4642801?
-4642786
In base 11, what is 17 + 1368a51?
1368a68
In base 11, what is -6 + 10640a?
106404
In base 11, what is -1 + -2150010?
-2150011
In base 5, what is -141 + -221242?
-221433
In base 6, what is 20033512 - 23?
20033445
In base 16, what is 2a82c + db?
2a907
In base 11, what is 5 - 1606057?
-1606052
In base 16, what is -900a5b - -4?
-900a57
In base 11, what is -3 + -937a546?
-937a549
In base 13, what is -2883c + -5639?
-31178
In base 6, what is -25122 - 35404?
-104530
In base 12, what is 20 + -25693ba?
-256939a
In base 16, what is 146b7 - -33c?
149f3
In base 4, what is 10122231030 - 12012?
10122213012
In base 15, what is -13b9692 - 4?
-13b9696
In base 7, what is -61210021 - 4?
-61210025
In base 2, what is -1100100011100001 - -10101001?
-1100100000111000
In base 2, what is -100000101010110001 - 1011111100?
-100000110110101101
In base 13, what is -4229 + -715?
-4941
In base 4, what is -201 + 131230131?
131223330
In base 12, what is 46b423 + -1b?
46b404
In base 7, what is -3365666 - 112?
-3366111
In base 4, what is 30021010 + 312133?
30333203
In base 7, what is 111343 - 63250?
15063
In base 8, what is -2 + 20166040?
20166036
In base 14, what is -6195d8 - -6?
-6195d2
In base 9, what is 5 - -50550?
50555
In base 16, what is 5 + -c4b7b?
-c4b76
In base 3, what is 10 + 1220212111011?
1220212111021
In base 13, what is 5136 + -465?
49a1
In base 4, what is 10033310132 - -330?
10033311122
In base 7, what is 1500 - 4602?
-3102
In base 15, what is -1 - -7205d2?
7205d1
In base 12, what is 39293 - -760?
39a33
In base 4, what is -130 - 13130203101?
-13130203231
In base 12, what is 58688 - -26?
586b2
In base 8, what is -35330 - 273?
-35623
In base 11, what is 26a8804 - 4?
26a8800
In base 13, what is -1 + -595a514?
-595a515
In base 13, what is -1393c4 + 63?
-139361
In base 6, what is -3 - -4115225244?
4115225241
In base 16, what is 11 - 87c2?
-87b1
In base 9, what is 2 + 148788?
148801
In base 6, what is -1501100330 + 5?
-1501100321
In base 11, what is 36a40 - -549?
37489
In base 7, what is 315343 + -4601?
310442
In base 13, what is -b0a9 - -131?
-ac78
In base 14, what is 1124342 - -4?
1124346
In base 15, what is 792181 + 3?
792184
In base 2, what is 10100100110011111 + -1111011?
10100100100100100
In base 11, what is -19 + -896349?
-896367
In base 14, what is -829c8 + 2d?
-82999
In base 3, what is 1200122 + -11010022212?
-11001122020
In base 5, what is -203 - 10011200?
-10011403
In base 16, what is -166 - -dbc6?
da60
In base 9, what is 10 - -38517817?
38517827
In base 7, what is 6622 - 15030?
-5105
In base 15, what is 61106 + -3?
61103
In base 11, what is -49a5 + 788?
-4218
In base 12, what is -4 - -177772?
17776a
In base 3, what is 222 + -11202210?
-11201211
In base 14, what is -28741 - 23?
-28764
In base 4, what is 103001 + 1101123?
1210130
In base 5, what is 3401344 - 14200?
3332144
In base 16, what is 6440b - -c?
64417
In base 14, what is -102a3 - -c09?
-d498
In base 14, what is -678 - 31a?
-994
In base 11, what is 4 + 11571131?
11571135
In base 15, what is -b + -9